{"id":791,"date":"2025-09-08T23:47:53","date_gmt":"2025-09-08T23:47:53","guid":{"rendered":"https:\/\/pedidos.ejmdistribucion.com\/?post_type=product&#038;p=791"},"modified":"2025-09-08T23:50:25","modified_gmt":"2025-09-08T23:50:25","slug":"shackleton-base","status":"publish","type":"product","link":"https:\/\/pedidos.ejmdistribucion.com\/index.php\/producto\/shackleton-base\/","title":{"rendered":"Shackleton Base"},"content":{"rendered":"<p align=\"justify\"><strong><em>Se est\u00e1 construyendo una base permanente en el cr\u00e1ter Shackleton, en el Polo Sur de la Luna. Lideras una de las agencias espaciales que trabajan juntas para expandir su presencia en la base, mientras que las tres grandes corporaciones que patrocinan la misi\u00f3n persiguen sus propios objetivos.<\/em><\/strong><\/p>\n<p align=\"justify\">En\u00a0<strong>Shackleton Base: Un Viaje a la Luna<\/strong>, construir\u00e1s estructuras en la base y, al mismo tiempo, financiar\u00e1s proyectos de las corporaciones que ofrecen habilidades especiales y oportunidades de puntuaci\u00f3n. Al principio de la partida, elige tres corporaciones al azar de las siete disponibles. Cada corporaci\u00f3n presenta nuevos proyectos, acciones y oportunidades de puntuaci\u00f3n, junto con sus mecanismos espec\u00edficos.<\/p>\n<p align=\"justify\">El juego se desarrolla en tres rondas, cada una dividida en tres fases: \u2022 Fase de transbordador: Cada jugador elige una ficha de transbordador de una pantalla abierta para determinar qu\u00e9 tipo de astronautas y recursos pueden usar en esa ronda, as\u00ed como el orden de turnos para la siguiente fase.<\/p>\n<p align=\"justify\">\u2022 Fase de acci\u00f3n: Los jugadores se turnan para desplegar a sus astronautas en la Luna para recolectar recursos, construir estructuras o financiar proyectos. Dependiendo de las corporaciones seleccionadas, habr\u00e1 diferentes tipos de recursos disponibles, recursos que pueden usarse de diversas maneras para los proyectos o para construir estructuras. Cada proyecto proporciona habilidades continuas y oportunidades de puntuaci\u00f3n. Cada corporaci\u00f3n ofrece diferentes maneras de conseguir puntos, que pueden ser durante la fase de acci\u00f3n, la fase de mantenimiento o al final de la partida.<\/p>\n<p align=\"justify\">\u2022 Fase de mantenimiento: Los astronautas desplegados se asignan para trabajar en las estructuras (lo que proporciona una bonificaci\u00f3n al jugador que las posee), luego los jugadores obtienen ingresos y pagan los costes de mantenimiento. Si las corporaciones en juego tienen efectos al final de la ronda, estos se aplican. Al final de la partida, se realiza una puntuaci\u00f3n final, y el jugador con m\u00e1s puntos gana.<\/p>\n<p align=\"justify\">\u00a1Construye estructuras en la base, financia proyectos de estas corporaciones e interact\u00faa conellas para conseguir m\u00e1s puntos de victoria que tus oponentes y ganar la partida!<\/p>\n","protected":false},"excerpt":{"rendered":"<p>En\u00a0<strong>Shackleton Base: Un Viaje a la Luna<\/strong>, construir\u00e1s estructuras en la base y, al mismo tiempo, financiar\u00e1s proyectos de las corporaciones que ofrecen habilidades especiales y oportunidades de puntuaci\u00f3n. Al principio de la partida, elige tres corporaciones al azar de las siete disponibles. Cada corporaci\u00f3n presenta nuevos proyectos, acciones y oportunidades de puntuaci\u00f3n, junto con sus mecanismos espec\u00edficos.<\/p>\n","protected":false},"featured_media":793,"comment_status":"closed","ping_status":"closed","template":"","meta":[],"product_brand":[40],"product_cat":[28],"product_tag":[37],"class_list":{"0":"post-791","1":"product","2":"type-product","3":"status-publish","4":"has-post-thumbnail","6":"product_brand-arrakis-games","7":"product_cat-novedades","8":"product_tag-ejm","10":"first","11":"instock","12":"shipping-taxable","13":"product-type-simple","14":"berocket_lgv_grid","15":"berocket_lgv_list_grid"},"_links":{"self":[{"href":"https:\/\/pedidos.ejmdistribucion.com\/index.php\/wp-json\/wp\/v2\/product\/791","targetHints":{"allow":["GET"]}}],"collection":[{"href":"https:\/\/pedidos.ejmdistribucion.com\/index.php\/wp-json\/wp\/v2\/product"}],"about":[{"href":"https:\/\/pedidos.ejmdistribucion.com\/index.php\/wp-json\/wp\/v2\/types\/product"}],"replies":[{"embeddable":true,"href":"https:\/\/pedidos.ejmdistribucion.com\/index.php\/wp-json\/wp\/v2\/comments?post=791"}],"wp:featuredmedia":[{"embeddable":true,"href":"https:\/\/pedidos.ejmdistribucion.com\/index.php\/wp-json\/wp\/v2\/media\/793"}],"wp:attachment":[{"href":"https:\/\/pedidos.ejmdistribucion.com\/index.php\/wp-json\/wp\/v2\/media?parent=791"}],"wp:term":[{"taxonomy":"product_brand","embeddable":true,"href":"https:\/\/pedidos.ejmdistribucion.com\/index.php\/wp-json\/wp\/v2\/product_brand?post=791"},{"taxonomy":"product_cat","embeddable":true,"href":"https:\/\/pedidos.ejmdistribucion.com\/index.php\/wp-json\/wp\/v2\/product_cat?post=791"},{"taxonomy":"product_tag","embeddable":true,"href":"https:\/\/pedidos.ejmdistribucion.com\/index.php\/wp-json\/wp\/v2\/product_tag?post=791"}],"curies":[{"name":"wp","href":"https:\/\/api.w.org\/{rel}","templated":true}]}}