{"id":760,"date":"2025-09-08T22:50:22","date_gmt":"2025-09-08T22:50:22","guid":{"rendered":"https:\/\/pedidos.ejmdistribucion.com\/?post_type=product&#038;p=760"},"modified":"2025-09-08T22:52:55","modified_gmt":"2025-09-08T22:52:55","slug":"las-llaves-del-castillo","status":"publish","type":"product","link":"https:\/\/pedidos.ejmdistribucion.com\/index.php\/producto\/las-llaves-del-castillo\/","title":{"rendered":"Las Llaves del Castillo"},"content":{"rendered":"<div class=\"elementor-element elementor-element-eba6c42 elementor-widget elementor-widget-woocommerce-product-short-description\" data-id=\"eba6c42\" data-element_type=\"widget\" data-widget_type=\"woocommerce-product-short-description.default\">\n<div class=\"elementor-widget-container\">\n<div class=\"woocommerce-product-details__short-description\">\n<p>Compite con el resto de caballeros para conquistar el castillo<\/p>\n<\/div>\n<\/div>\n<\/div>\n<div class=\"elementor-element elementor-element-d90fbb3 elementor-widget elementor-widget-woocommerce-product-content\" data-id=\"d90fbb3\" data-element_type=\"widget\" data-widget_type=\"woocommerce-product-content.default\">\n<div class=\"elementor-widget-container\">\n<p>Juego lleno de diversi\u00f3n basado en la estrategia y la suerte, donde tu fortuna depende de las puertas que abras. S\u00e9 el primero en llegar al otro lado abriendo y cruzando puertas. Retrasa el avance de tus oponentes paraliz\u00e1ndolos o cerrando puertas.<\/p>\n<\/div>\n<\/div>\n","protected":false},"excerpt":{"rendered":"<div class=\"elementor-element elementor-element-eba6c42 elementor-widget elementor-widget-woocommerce-product-short-description\" data-id=\"eba6c42\" data-element_type=\"widget\" data-widget_type=\"woocommerce-product-short-description.default\">\n<div class=\"elementor-widget-container\">\n<div class=\"woocommerce-product-details__short-description\">\n<p>Compite con el resto de caballeros para conquistar el castillo<\/p>\n<\/div>\n<\/div>\n<\/div>\n<div class=\"elementor-element elementor-element-d90fbb3 elementor-widget elementor-widget-woocommerce-product-content\" data-id=\"d90fbb3\" data-element_type=\"widget\" data-widget_type=\"woocommerce-product-content.default\">\n<div class=\"elementor-widget-container\">\n<p>Juego lleno de diversi\u00f3n basado en la estrategia y la suerte, donde tu fortuna depende de las puertas que abras. S\u00e9 el primero en llegar al otro lado abriendo y cruzando puertas. Retrasa el avance de tus oponentes paraliz\u00e1ndolos o cerrando puertas.<\/p>\n<\/div>\n<\/div>\n","protected":false},"featured_media":762,"comment_status":"closed","ping_status":"closed","template":"","meta":[],"product_brand":[39],"product_cat":[28],"product_tag":[37],"class_list":{"0":"post-760","1":"product","2":"type-product","3":"status-publish","4":"has-post-thumbnail","6":"product_brand-falomir","7":"product_cat-novedades","8":"product_tag-ejm","10":"first","11":"instock","12":"shipping-taxable","13":"product-type-simple","14":"berocket_lgv_grid","15":"berocket_lgv_list_grid"},"_links":{"self":[{"href":"https:\/\/pedidos.ejmdistribucion.com\/index.php\/wp-json\/wp\/v2\/product\/760","targetHints":{"allow":["GET"]}}],"collection":[{"href":"https:\/\/pedidos.ejmdistribucion.com\/index.php\/wp-json\/wp\/v2\/product"}],"about":[{"href":"https:\/\/pedidos.ejmdistribucion.com\/index.php\/wp-json\/wp\/v2\/types\/product"}],"replies":[{"embeddable":true,"href":"https:\/\/pedidos.ejmdistribucion.com\/index.php\/wp-json\/wp\/v2\/comments?post=760"}],"wp:featuredmedia":[{"embeddable":true,"href":"https:\/\/pedidos.ejmdistribucion.com\/index.php\/wp-json\/wp\/v2\/media\/762"}],"wp:attachment":[{"href":"https:\/\/pedidos.ejmdistribucion.com\/index.php\/wp-json\/wp\/v2\/media?parent=760"}],"wp:term":[{"taxonomy":"product_brand","embeddable":true,"href":"https:\/\/pedidos.ejmdistribucion.com\/index.php\/wp-json\/wp\/v2\/product_brand?post=760"},{"taxonomy":"product_cat","embeddable":true,"href":"https:\/\/pedidos.ejmdistribucion.com\/index.php\/wp-json\/wp\/v2\/product_cat?post=760"},{"taxonomy":"product_tag","embeddable":true,"href":"https:\/\/pedidos.ejmdistribucion.com\/index.php\/wp-json\/wp\/v2\/product_tag?post=760"}],"curies":[{"name":"wp","href":"https:\/\/api.w.org\/{rel}","templated":true}]}}